 = -3313*i - 290. Is y(-7) composite?
False
Suppose -6*y + 0*y = -12. Suppose -y*m + 9 = m, -4*m + 82 = -5*f. Is (-17 + -3)/5 - f a prime number?
False
Let a(u) be the third derivative of 449*u**5/60 - u**4/24 - u**3/6 + 3*u**2. Is a(-1) prime?
True
Let u(y) = -y - 1. Let a = -7 - -3. Let v be u(a). Suppose -458 - 25 = -v*c. Is c composite?
True
Let j(z) = 28*z**2 - 12*z + 9. Is j(17) prime?
False
Let q(w) = -3 + 4 + 101*w - 2. Let d(l) = l - 8. Let c be d(10). Is q(c) composite?
True
Suppose 0*h + 4*h - 64 = 0. Is h/(-24)*(-759)/2 a prime number?
False
Is ((-283562)/87)/(2/(-9)) a prime number?
False
Let f = -302 - -1070. Suppose 3*b - 84 = -f. Let y = -101 - b. Is y prime?
True
Let z(q) be the third derivative of q**5/3 - q**4/3 + 5*q**3/6 - 2*q**2. Let t(o) = o**3 + 19*o**2 + 6. Let u be t(-19). Is z(u) a composite number?
False
Is 3/(-9) - ((-13994)/6 + -1) composite?
False
Let b = -101 - -89. Is (-14)/12 + 1 - 41918/b composite?
True
Let f(i) = 0 - 3 + 1 + 2*i + 1. Let n be f(8). Is (-3)/2*(-2390)/n composite?
False
Let s(c) be the first derivative of 19*c**2/2 - 7*c + 5. Is s(14) a prime number?
False
Let j be (6 - 3) + (2 - -1). Let a(k) = -8*k + j*k - k - 13 - 9*k. Is a(-8) prime?
True
Is 13119 - 3*(-20)/30 a composite number?
False
Suppose -2*w - 7 + 1 = 0. Let f be 2 - (3 + w + -2). Suppose -f*s - 5*a + 1487 = 0, -2*s - 3*s = -4*a - 1869. Is s a composite number?
False
Let g(b) = 3*b**3 + 20*b**2 - 22*b + 13. Let l(c) = c**3 - 1. Let a(n) = g(n) - 2*l(n). Is a(-14) a prime number?
True
Let o(l) = -l**2 + 3*l + 4. Let s be o(19). Let t(r) = -15*r**3 - 5*r**2 + 3*r - 4. Let n be t(3). Let q = s - n. Is q composite?
True
Let c(r) = r**2 - 3*r + 3. Let k be c(4). Let v(d) = 32*d + 15. Is v(k) composite?
False
Let g = 1102 + -65. Suppose 6*j = g + 4681. Is j composite?
False
Let f(q) = 11 - 12 + 15 + 9 - 24*q. Is f(-10) prime?
True
Let q be (489/1)/(12/8). Let m be ((-258)/(-9))/(6/(-45)). Let h = q + m. Is h prime?
False
Let l(b) = 65*b**2 - 9*b + 35. Is l(-9) a composite number?
False
Suppose z = -2*z - 2*c + 11975, -c = 3*z - 11971. Is z composite?
False
Let x be (-45)/(-10)*(-4)/(-6). Let o be 6/x*120 - 1. Let c = -152 + o. Is c a composite number?
True
Is (-58)/87*(-2 - -3 - 328) a composite number?
True
Suppose -f = 3*y + 2, -5*f + 6 = 4*y - 6. Is (-11)/(-22) - (-986)/f composite?
True
Let u(n) be the first derivative of 44*n**3/3 + n**2/2 + 4*n + 18. Is u(3) a composite number?
True
Let n = -741 + 1343. Let l = 981 - n. Is l a composite number?
False
Suppose p = -3*n, -4 - 2 = -2*p. Let l be (4/6)/n*-3. Is (l + -4)/((-4)/502) prime?
True
Let p be (-386 - -2)*5/(-2). Let n = p - 383. Is n prime?
True
Suppose 0 = -1162*q + 1165*q - 42369. Is q a composite number?
True
Let r(w) = -94*w + 20. Let c be r(-8). Let n = -101 + c. Is n composite?
True
Suppose 0*n - n = 3*c - 5517, 3*c = -9. Suppose 5*h = -5*m + 1449 + n, -5*m - 4*h + 6979 = 0. Is m composite?
False
Let r(s) = s**2 + 6*s - 6. Let c be r(-7). Let w = c - -1. Is (-4 + 5)/(w/42) composite?
True
Let q = -15 - -15. Suppose -r + 840 = -q*r. Suppose r = 4*k - 956. Is k a composite number?
False
Suppose -11*y - 45 = -6*y. Let b = y - -11. Suppose b*f - 316 = -2*f. Is f a composite number?
False
Let x = -843 - -1250. Is x a prime number?
False
Let g(h) = 13*h - 23. Suppose 4*s + p + p = -38, -25 = 3*s + 5*p. Let c = s - -26. Is g(c) a prime number?
False
Let k(s) = 17*s + 1. Let f(z) = 84*z + 4. Let c(b) = -3*f(b) + 14*k(b). Is c(-4) a prime number?
False
Let f(d) = -1696*d + 177. Is f(-19) a prime number?
True
Let b be 48/27 - (-2)/9. Suppose -4*y + 3*y = -b. Suppose y*s = 6*s - 1004. Is s prime?
True
Suppose s + 1674 = 3*s. Suppose -7*u + 45 + s = 0. Let v = u + 1. Is v composite?
False
Let j = 106 - 178. Is (-2)/18 - 153152/j composite?
True
Let b = 1 + -2. Is b + (-4 - -246) + -2 a composite number?
False
Let g be ((-6)/(-4))/(9/(-32424)). Let p = g - -2424. Is (7/(-4))/(5/p) composite?
True
Let q = 98 + -232. Let g = q + 225. Is g a composite number?
True
Suppose 21*z = 2*a + 23*z - 2138, -a = 3*z - 1073. Is a composite?
True
Suppose -3*w + 7 = 5*z, 5*z + 1 = 11. Is (192 - 11)*(0 - w) prime?
True
Suppose 0 = -2*q - 0*w - 3*w + 8832, 4*q + 5*w - 17662 = 0. Is q prime?
False
Let u = 6 - 4. Suppose 0 = 3*d + 4*c - 12, -2*c + 9 = 5*d + c. Suppose d = -2*f + 2, 5*f = -u*t + 204 + 211. Is t composite?
True
Suppose -3*s = -2*r - 19, -r = -2*s + 2*r + 16. Suppose -s*h + 231 = -3184. Suppose j - 4*b - h = 0, 0*b + 2732 = 4*j + 2*b. Is j prime?
True
Let r be 1/(2*(-2)/(-4)). Suppose y + r = 34. Is y a prime number?
False
Let j(h) be the third derivative of 13*h**5/30 - 7*h**4/24 - 3*h**3/2 + h**2. Let d be j(-6). Let o = d - -368. Is o a composite number?
True
Is 12/8*((-17540)/(-6))/5 a prime number?
True
Let n be 2/16 + (-381807)/(-72). Suppose 1199 = 2*r - n. Is r a composite number?
False
Suppose -3*x - 12 = -5*v, -4*x = -0*v + 2*v - 10. Suppose -2*f + v*f = 2. Suppose f*r = 4*r - 218. Is r a composite number?
False
Let w(s) = 9746*s**3 + 4*s**2 - 5*s. Is w(1) a prime number?
False
Suppose -305053 = -3*r - 2*d, 12*r - 9*r - d = 305047. Is r composite?
True
Let g(m) = -m**3 - 3*m**2 + 4*m + 2. Let k be g(-4). Let w(r) = r**2 + 1. Let p be w(k). Suppose -p*u + u + 844 = 0. Is u composite?
False
Let h(s) = s**3 - 3*s**2 - 4*s - 4. Let n be h(4). Let x = 9 + n. Suppose 5*w - 443 = -2*r, 2*w + x*r - 173 = -0*r. Is w prime?
True
Suppose -6*p + 61185 = -199377. Is p prime?
True
Let m = -11328 + 19135. Is m composite?
True
Let u(g) = -12*g**3 - 16*g**2 + g + 28. Is u(-7) composite?
True
Let o(u) = 5*u**2 + 6*u + 5. Suppose -2*n - g + 173 = 0, 4*g - 6 = -2. Let c be n/11 + 16/88. Is o(c) a composite number?
False
Let n = 1418 - -341. Is n composite?
False
Suppose 4*o + 43521 = -c, 0 = -o - 2*o - 3*c - 32652. Let d = -3728 - o. Is d a prime number?
True
Is 6/8*2758692/153 prime?
True
Let r = 159 + 1222. Is r a prime number?
True
Let p(v) be the third derivative of v**3/6 - 8*v**2. Let b(c) = -116*c. Let s(n) = b(n) + 5*p(n). Is s(-4) composite?
True
Is (-2 - -12663)/(14/14) prime?
False
Let a(s) = -s**2 + 6*s + 12. Let h be a(7). Let i be (-652)/(-5) + 6/(-15). Suppose h*v + 0 = i. Is v composite?
True
Suppose 2 - 4 = -g. Suppose -4*w + 5*n = 10, g*w + 0*w - 5*n + 10 = 0. Suppose -4*s = -w*s - t - 332, 2*t = -8. Is s composite?
True
Let j be 15/(-25) - 13246/(-10). Suppose -22*a + j = -18*a. Is a prime?
True
Let g be 126*12*2/9. Suppose -5*w - g = -2*u, 3*w - 648 = -4*u + w. Is u a prime number?
True
Let v(c) = -9 + 29*c - 61*c - 42*c - 49*c. Is v(-2) a composite number?
True
Is 5 + 17772 + 2 + 6 a composite number?
True
Suppose -3*c + 7*c = 2604. Suppose l + c = 4*l. Suppose l - 932 = -5*m. Is m prime?
False
Let p(r) = r**2 - 7*r - 2. Let l be p(8). Let b(d) = d**2 - 6*d + 2. Let i be b(l). Suppose -u + 2*u + 5*h = 202, -i*u + 437 = -h. Is u a composite number?
True
Let t be 8 - (6/2 - 0). Suppose -5*n + 2145 = -t*j, 3*j = n - 2*j - 437. Is n a prime number?
False
Is -2876*105/10*5/(-30) a composite number?
True
Let r(d) = 66*d + 8. Let j(z) = -66*z - 7. Let g(p) = -3*j(p) - 2*r(p). Suppose 5*k - 4 - 16 = 0. Is g(k) composite?
False
Suppose i + 2*i = 17538. Let x = -4007 + i. Is x a composite number?
True
Let d(g) = -g**2 - 9*g + 4. Let j be d(-10). Let f(y) = -2*y - 10. Let p be f(j). Suppose t + m + 1259 = 6*t, -p*m - 8 = 0. Is t prime?
True
Suppose i = -5*s - 9, -4 - 1 = s. Suppose i = t + 3*t. Suppose 3*g - t*j = 6*g - 79, -4*g + 88 = j. Is g prime?
False
Suppose 202 = -5*j + 727. Let z = 44 + j. Is z a prime number?
True
Suppose -14*i - 3*y - 2026 = -16*i, -4*i + 3*y = -4040. Is i a composite number?
True
Suppose -3230 = -5*c + 3*n, 0 = 4*c + c - 2*n - 3225. Suppose c = 2*y - 327. Let d = y + -190. Is d a composite number?
True
Is ((-350832)/(-15))/8 + 3/(-5) prime?
False
Is ((-231)/49)/11 + 4696/14 a composite number?
True
Suppose 5*w - 3991 = 1304. Suppose 5*g = 2606 + w. Is g composite?
False
Let j = -613 + 1041. Suppose -g = -3*v + v - 208, v = 2*g - j. Suppose -75 = r - g. Is r composite?
True
Let d(o) = 2340*o - 11. Is d(11) prime?
False
Suppose 0*r + r + 11 = 5*s, -5*s - 5*r = -35. Suppose -3 = -3*w + s*x + 3, 0 = -4*x - 8. Is (6 - w)/(6/21) composite?
True
Let u = -2618 + 599